etermine u(t).
-12
Let w be 128/(-24)*(-4 - -1). Let y(z) = -4*z + 64. Let c be y(w). Let q(b) = -b - 9. Give q(c).
-9
Let q(k) = 13*k**2 - 2*k - 1. Let s be 7/(-6) + 26/156. Calculate q(s).
14
Let a(h) = 11*h - 5. Let m(t) = 21*t - 9. Let v(u) = -7*a(u) + 4*m(u). What is v(-5)?
-36
Let r(w) = -28*w - 65. Let j(y) = 42*y + 98. Let n(s) = -5*j(s) - 7*r(s). Let t(o) = 5*o + 12. Let b(x) = -3*n(x) - 8*t(x). Suppose -7 = 5*q - 4*q. Give b(q).
-5
Let g(h) = -h**2 + 21. Let b(a) = 2*a**2 - 7*a + 3. Let n be b(3). What is g(n)?
21
Let w(o) be the first derivative of 1 + 0*o**3 + 11/4*o**4 + 2*o - 1/2*o**2. Let z(x) = -11*x**3 + x - 3. Let f(g) = -3*w(g) - 2*z(g). Calculate f(-1).
10
Let r(m) = -m**2 + 12. Let q(w) = -w**3 + 17*w**2 - 15*w - 16. Let v be q(16). Suppose 0 = -v*n - 14*n. Calculate r(n).
12
Let a(k) = -k**2 + 3*k - 1. Let g(f) = -17*f + 16*f - 2 + 2. Let w(j) = -a(j) - 6*g(j). Calculate w(-3).
1
Suppose 6*c + 0*c = 30. Suppose 5*z + c*g = 25, -2*z + 7*z - 4*g - 16 = 0. Let j(v) = -z*v**3 + v**2 - 7*v**3 + 10*v - 10*v. Give j(-1).
12
Let d(a) = -a**3 + 13*a**2 - 6*a + 14. Let t(b) = -b**2 - 1. Let x(s) = -d(s) - 6*t(s). Calculate x(7).
34
Let o(z) = z**3 - 2*z**2 - z - 4. Let x be o(3). Let f(k) = -2*k + 1. Let b be f(x). Let g(r) be the first derivative of 3*r**2/2 + 2*r + 2. Give g(b).
-7
Let u(s) = 3*s**2 - 14*s - 3. Let p be u(5). Let m(k) = 5*k + 1 + k + 0*k + k**p. What is m(-4)?
-7
Let u(a) be the third derivative of a**6/120 - 2*a**5/15 + a**3/2 + 18*a**2. Give u(8).
3
Suppose -4*g - 28 = -2*a, -7*a = -5*g - 3*a - 38. Let d(f) = 4*f + 26. Calculate d(g).
2
Let s(c) = -41508*c + 5 + 41501*c - 4. Let p be ((-2)/(-4))/(1/(-4)). What is s(p)?
15
Let z(y) be the first derivative of y**4/4 - y**3/3 + 14*y + 4235. Let o = 1 + -1. Give z(o).
14
Let a(f) = f**2 - 7*f - 4. Let j(q) = -15*q + 81. Let g be j(5). Calculate a(g).
-10
Let t = 921/2 - 460. Let s(u) be the first derivative of 4*u - 4 + t*u**2. Give s(-4).
0
Let o(s) be the first derivative of -5*s**3/3 - 3*s**2/2 - 5*s + 27. Let p(m) = 2*m**2 + m + 2. Let j(w) = -4*o(w) - 9*p(w). What is j(-2)?
4
Suppose 0 = 526*p - 536*p. Let i(v) = v**2 + 7. Determine i(p).
7
Suppose 0 = -5*a - 5*q + 91 + 29, 5*a - 113 = 2*q. Suppose 19*s = a*s - 20. Let p(o) = o**2 - 2*o - 4. Give p(s).
11
Suppose -11*h = -4*h + 35. Let y(p) = p**2 - p - 3. Calculate y(h).
27
Let g(q) = -1 - 46*q**3 - 2*q + 2*q + q - 2*q**2 + 45*q**3. Determine g(-3).
5
Let b(x) = x**3 + 22*x**2 - 20*x + 70. Let j be b(-23). Let w(u) = 19*u**3 - 1. Give w(j).
18
Let b(i) = -21*i + 65. Let h(k) = 4*k - 13. Let z(v) = 2*b(v) + 11*h(v). Give z(10).
7
Let s(u) = u. Let t = -39 + 35. What is s(t)?
-4
Let s = -14 - -16. Let q(n) = -2*n**s + 2*n**2 - 8 + 3*n + n**2 + 6*n. What is q(-10)?
2
Let w(v) = 16*v + 3*v**2 + 6 + 10*v + 14*v - 47*v - 2*v**2. Give w(5).
-4
Let z(c) = -7*c**3 - 4*c**2 + 9*c + 16. Let u(s) = -5*s**3 - 5*s**2 + 8*s + 14. Let y(l) = 4*u(l) - 3*z(l). What is y(7)?
-6
Let k(f) be the second derivative of f**7/840 + 17*f**4/24 + 14*f**3/3 + 40*f. Let s(a) be the second derivative of k(a). What is s(0)?
17
Let t(l) = l**2 - 12*l - 17. Let g be t(13). Let x(o) = o - 13426 + 0*o + 13430. Calculate x(g).
0
Let y(l) = 2*l + 5. Let k be 2 + 1 + 0 + 8. Suppose 0 = w - 5*h + k, -h - h = -2*w + 2. Suppose -4*u - 17 = -0*x + x, -w*x - 11 = -3*u. Calculate y(x).
-5
Let y(m) = -m + m - 5*m - 4 + 3. Let g(b) = 5*b + 2. Let n(l) = -2*g(l) - 3*y(l). What is n(-2)?
-11
Let n(t) = -t**3 + 17*t**2 - t + 12. Suppose 3*c = -4*b + 35, 5*b + 95 = 3*c + 24. Calculate n(c).
-5
Let c(u) = u + 9. Let t(d) = 4. Let v(y) = -c(y) + 4*t(y). Determine v(7).
0
Let q(x) = -19*x. Let i(t) = -41*t. Let h(u) = -6*i(u) + 13*q(u). Give h(-4).
4
Let n(d) = d**3 + d**2 - 1. Suppose 0 = -m - 3*y - 14, m + 3*m + 24 = -4*y. Calculate n(m).
-5
Suppose 24 = 45*f - 41*f. Let n(i) = 5*i - 11. Calculate n(f).
19
Let n(q) = -q**3 + 12*q**2 + 14*q - 19. Let b be n(13). Let l(i) = -2*i - 5. Give l(b).
7
Let g(h) = 2*h**3 - h**2 + 2*h. Let p = 32 - 7. Let a = p + -23. Calculate g(a).
16
Let j(o) = -8*o - 5. Let l be j(-1). Let x(v) = -5*v**2 + 2*v**2 + v**3 - 4 + l*v**3 - 3*v**3. Calculate x(3).
-4
Let f(y) be the second derivative of -y**6/240 + y**5/120 - y**4/4 - y. Let m(d) be the third derivative of f(d). Suppose 0 = -8*z - 5*z - 13. Give m(z).
4
Let h(v) = v**3 - 10*v**2 + 5*v + 8. Let s(d) = d**3 - 9*d**2 + 5*d + 7. Let f(l) = 3*h(l) - 4*s(l). Let r = -4212 + 4217. Determine f(r).
-4
Let s(l) = -l**3 + 2*l**2 - 3*l + 6. Let i(h) = -22*h - 108. Let v be i(-5). Determine s(v).
0
Let s(y) = y**2 - 13*y - 1. Let b(d) = 3*d. Let z(j) = 9*b(j) + 2*s(j). Let r be (((-48)/(-10))/(-3))/(16/(-40)). Let i be 20/9 + ((-24)/27)/r. What is z(i)?
8
Let w(l) = -5*l - 3 + 0 - 7 + 46. Calculate w(5).
11
Let g(i) be the first derivative of -i**3/3 + 7*i**2 - 2*i - 42. What is g(14)?
-2
Let a = -373 - -375. Let f(i) = -4 + 11*i + 4. Determine f(a).
22
Suppose 18 = 35*h - 36*h. Let p be h/10*(-10)/(-3). Let a(z) = z. Calculate a(p).
-6
Let b(w) = -w**3 - 6*w**2 - w + 1. Let y be b(-6). Let d(o) be the first derivative of o**4/4 - 7*o**3/3 + 6*o - 382. Give d(y).
6
Let u be (-1160)/(-45) - (1 - 33/27). Suppose 3*x + x + u = 5*c, -3*x = c + 10. Let j(t) = -4*t - 6. Determine j(x).
10
Let l(r) = 2*r - 7. Let t be l(6). Suppose 0*m + 15 = -t*m. Let b(s) = 2 - s**3 - s + 5*s - 2*s**2 + 4*s**2 - 3*s**2. Give b(m).
8
Let j(x) be the second derivative of 1/12*x**4 + 2/3*x**3 - 5/2*x**2 - 3*x + 0. Give j(-5).
0
Let f be (-2 - (1 + -2))*-1. Let u(i) = -4. Let k(q) = q. Let l(a) = f*u(a) + 2*k(a). Let y(h) = h**2 - 3*h + 3. Let p be y(3). Calculate l(p).
2
Let b(p) = -p**3 + 7*p**2 + 3*p + 7. Let k(w) = w**3 + 12*w**2 - 12*w + 21. Let o be k(-13). Determine b(o).
-33
Let b(o) = o - 4. Suppose -4*q = -16, 5*z + 16 = z - 3*q. Calculate b(z).
-11
Let q(t) = -5 + 21*t + 8*t - 30*t. Give q(6).
-11
Let s(f) be the third derivative of f**7/210 + f**6/720 - 7*f**4/8 + 22*f**2. Let w(z) be the second derivative of s(z). What is w(1)?
13
Let f be -14*3*2/(-21). Let a be (f/(-10))/((-3)/15). Let r(m) = 4*m**3 + 3*m - 8 + 2 - 4*m**a - 3*m**3. Calculate r(4).
6
Suppose -2*j + 7 + 7 = 3*y, 41 = 2*y - 5*j. Let s(c) = 20 - 22 + y - c. Let r = -5 + 9. Determine s(r).
2
Let f(a) = a**3 - 2*a**2 - 5*a + 4. Suppose -52 = -20*b + 8. What is f(b)?
-2
Let a(c) = -2*c + 17 + 1 - 5. Let p(r) = -r + 12. Let b(s) = 4*a(s) - 5*p(s). What is b(-6)?
10
Suppose 8*x = -8*x + 64. Let l(z) = -z**3 + 5*z**2 - 6*z + 3. Give l(x).
-5
Let j(a) = 2*a**3 - 63*a**2 - 32*a. Let y be j(32). Let s(k) be the second derivative of k**2 + 7*k + 1/3*k**3 + y. Determine s(-6).
-10
Let c(n) be the first derivative of 9 - 3*n + 1/2*n**2. What is c(2)?
-1
Let k(b) be the third derivative of b**6/120 + 2*b**5/15 + b**4/3 + b**3 - 7*b**2 - 3. Let g = -3 - 4. Give k(g).
-1
Let p be (-3)/9 + 19/3. Let q be (-74)/(-3) + (-4)/p. Let v be 3/(-9) + q/18. Let i(y) = -9*y**2 - y + 1. Determine i(v).
-9
Let f(s) = -5*s**3 - 15*s**2 + 3*s + 2. Let y be 12/9*(-6)/4 + -3. Let l(w) = 3*w**3 + 10*w**2 - 2*w - 1. Let z(r) = y*f(r) - 8*l(r). Give z(5).
3
Let s(o) = -o**3 - 3*o**2 - 3*o - 2. Suppose -2*x + 162 = 3*i, 0 = -5*i + 7*i - 3*x - 121. Let m = i - 58. Determine s(m).
0
Let n(y) = y**3 + 6*y**2 + 6*y - 4. Suppose 3*j - 34*j - 155 = 0. Give n(j).
-9
Let g = -5 - -8. Let z(u) be the second derivative of -u**7/2520 + u**6/240 - u**5/60 + u**4/2 - 22*u. Let d(c) be the third derivative of z(c). What is d(g)?
-2
Let z(p) = -p**3 + 8*p**2 - 9*p + 9. Let s be 1 - 1 - -4 - 39/(-13). Determine z(s).
-5
Let u(s) be the second derivative of -s**7/840 - s**6/72 - s**5/40 - s**4/12 + s**3/3 + 8*s. Let z(y) be the second derivative of u(y). Determine z(-4).
-6
Suppose 0 = 1501*j - 1493*j - 8. Let l(a) = 8*a - 2. What is l(j)?
6
Let m(t) = 7*t - 8*t**2 - 4*t**3 + 5*t**3 - 2*t**3 - 12. Suppose 0*r + r - 2*p = -15, -51 = 4*r - 5*p. Give m(r).
6
Let s(t) = -t**3 - 1. Let c be (-20)/(-3) + 5/15. Suppose -6*o = -c*o + 2. What is s(o)?
-9
Let x(r) = 2*r**2 - 16*r - 17. Let v be x(9). Let g(y) = -28*y + 22. Determine g(v).
-6
Let q(t) = 11*t + 8. Let i(a) = 7*a + 5. Let n(l) = 8*i(l) - 5*q(l). Let d be n(2). Let w = -8 + d. Let z(p) = -p**2 - 4*p - 1. What is z(w)?
-13
Let 